atest common divisor of 91 and a.
13
Suppose 0 = 15*w - 11*w - 1144. Suppose 42*x + 4*x = 4784. What is the greatest common divisor of w and x?
26
Suppose -131*g = -122*g + 27. Let y be 295/(12 + g - 8). Calculate the highest common divisor of y and 177.
59
Suppose 4*n + 84 = 2*n - 3*q, 5*q = -10. Let y = 44 + n. Suppose -34 = -5*b - 2*c, -b - y*c = 8 - 1. Calculate the greatest common factor of b and 16.
8
Suppose 0 = 13*s - 338 - 442. Calculate the highest common divisor of s and 16.
4
Suppose -41*h + 50*h = 15076 + 4031. What is the highest common factor of h and 2509?
193
Let b = 8814 - 8726. What is the highest common divisor of 3784 and b?
88
Suppose -373*j + 362*j = -32373. Calculate the highest common divisor of 81 and j.
27
Suppose 16*p + 3974 = 15670. Suppose -3*r = -2*h - p, -3*h - 481 = -2*r - 8*h. What is the highest common factor of 9 and r?
9
Suppose 101 = 2*n + 10957*r - 10962*r, 3*r + 120 = 3*n. Let t = -9 - -97. Calculate the highest common divisor of t and n.
11
Let g(z) = -71*z + 295. Let v be g(1). What is the highest common factor of v and 1904?
112
Suppose -2*t + 4 = -3*t, 0 = 3*y + 5*t + 14. Let v be 3 - y*(3 + -4). Suppose v*s - 81 = 99. What is the highest common factor of s and 9?
9
Let u(c) = -9*c**2 + 59*c - 8. Let y be u(3). What is the greatest common factor of 1384 and y?
8
Let a = 1669 + -419. Suppose -3*t = -3*x + 2*t + a, -2135 = -5*x - 2*t. Calculate the highest common divisor of x and 25.
25
Let v(k) = -31*k - 62. Let a be v(6). Let l = a - -253. Calculate the greatest common factor of 85 and l.
5
Let a(u) = 18*u + 23. Let w be a(-1). Suppose -m - 720 = -w*c, -5*c = 2*m + 2*m - 720. What is the greatest common divisor of c and 32?
16
Let c = -25 + 35. Let t = 600 + -221. Let l = -289 + t. Calculate the greatest common divisor of l and c.
10
Let h(p) = -p**3 + 13*p**2 + 15*p - 22. Let n be h(4). What is the highest common divisor of 42 and n?
14
Suppose -15*k = 8*k - 24633. Suppose 0 = -3*h + 5*w + k, 3*w = w - 6. Calculate the highest common divisor of 11 and h.
11
Suppose -w + 5*a = -102, 3*a - 1362 = -1398. Let l = -20 - -10. Let s = 24 + l. Calculate the greatest common divisor of w and s.
14
Let w(n) = 5*n**2 + n**2 - 7*n**2 - n**3 + 7 - 11*n**2 + n + 15. Suppose -4*l - l = 60. Let a be w(l). What is the highest common factor of 70 and a?
10
Let j be 18560/26 - 32/(-208). Let l = j - 208. What is the highest common divisor of 46 and l?
46
Let g be ((-9)/(-2))/(1/2). Let x = 1996 - 1077. Let v = x - 829. Calculate the highest common divisor of g and v.
9
Let f = 21 - 15. Suppose -156 = -f*b + 2*b. Suppose -689 = -49*q - 12*q + 104. What is the highest common divisor of q and b?
13
Suppose -16 = -0*k - k. Suppose -27*x - 748 = -38*x. Suppose x = 4*h - f, 0 = 5*f + 24 - 4. What is the greatest common factor of k and h?
16
Let i = -126 - -23. Let o = -84 - i. What is the highest common factor of o and 95?
19
Let j = 856 + -456. Suppose -27*f = -32*f + j. What is the highest common divisor of 24 and f?
8
Suppose -2174 = -18*p - 22010. Let o be p/(-11) + (-260)/(-22) + -12. Calculate the highest common factor of 60 and o.
20
Let m(q) = q**2 + 16*q - 65. Let c = -178 - -185. Let k be m(c). What is the highest common divisor of k and 12?
12
Let a(p) = -369*p - 6395. Let q be a(-26). Calculate the highest common factor of 49 and q.
7
Suppose o = 2*w - 10365, 3*w + 96*o - 15558 = 101*o. Calculate the highest common factor of w and 33.
33
Let w(u) = -51*u + 1344. Let v be w(24). Calculate the highest common factor of v and 5120.
40
Let z be 36*(-15)/(-10)*(-12)/(-54). Let a(s) = 32*s + 2. Let g be a(2). What is the highest common divisor of z and g?
6
Let o = 97 - 88. Let y be 6*(0 - 12/(-8)). What is the greatest common factor of o and y?
9
Suppose -9 = -4*d + 7. Suppose -2*r - 13*o + 688 = -11*o, 0 = d*r + 5*o - 1377. Calculate the highest common factor of 147 and r.
49
Let k(v) = -v**3 + 17*v**2 - 28*v - 35. Let m be k(14). What is the greatest common factor of m and 207?
23
Let u(p) = -p - 2. Let x be u(-9). Suppose -n = 3*l - 35, n - 2*l - 29 = -x*l. Calculate the greatest common factor of 8 and n.
4
Suppose -11*l = -27*l + 1392. Suppose -g - 3*w + l = -0*w, -303 = -4*g + 3*w. Calculate the greatest common factor of g and 702.
78
Suppose -3*s = -2*g + 1113, -g - 4*s = -0*g - 595. Calculate the highest common divisor of g and 189.
189
Let f = 272 - 383. Let v = f + 155. Let c be (-2)/(-5) - (-432)/20. Calculate the highest common divisor of c and v.
22
Let v = -59 - -99. Suppose -4*y + v = -w, y - w - 11 = 2. Calculate the highest common factor of y and 15.
3
Suppose 4*m = 5*m - 11. Suppose -m*z + 574 = 178. Calculate the highest common factor of 234 and z.
18
Let f be (-2)/4 - 266/(-4). Let w be (81/(-6))/((-20)/440). Suppose -w = -8*u - u. What is the highest common factor of u and f?
33
Suppose -41096 = 385*h - 387*h. What is the greatest common divisor of h and 22?
22
Suppose 5*p + 35 = 20, 5*j - 40 = 5*p. Suppose v - 5*x - 76 = 0, j*v - x = 4*v + 92. Calculate the highest common factor of 40 and v.
8
Let n be 8235/63 + 4/14. Let k = 219 - n. Suppose 2*c + 4*d - 34 = 0, 14 = 4*c - 5*d - 15. What is the greatest common factor of k and c?
11
Let q(c) = 2*c**3 + 17*c**2 - 22*c - 52. Let x be q(-6). Calculate the highest common factor of x and 8.
4
Suppose 2*p = 7*p - 20. Let q = p - -8. Suppose 24*i = 891 + 549. Calculate the highest common factor of i and q.
12
Let b = -158 + -61. Let f = 315 + b. Suppose -6 + f = 9*p. Calculate the highest common divisor of p and 80.
10
Suppose v - 57 - 28 = -4*w, 3*v + 2*w = 185. What is the highest common divisor of 627 and v?
57
Let d = -6530 + 6602. Calculate the highest common divisor of 14 and d.
2
Let o be (12/(-20))/((-29)/2610). What is the highest common divisor of 1701 and o?
27
Let d(a) = a + 265. Let q be d(-18). Suppose -y = 2*l - 744, -2*l + 497 = -2*y - q. Calculate the greatest common divisor of l and 93.
93
Suppose -183*z - 35819 = -200*z. Calculate the greatest common factor of 98 and z.
49
Let j = -171 - -491. Suppose j - 125 = 13*z. Calculate the highest common divisor of z and 285.
15
Let h(k) = 3*k + 6. Let n be h(0). Suppose -3*i + r = -756, n*r - 12 = 2*r. Calculate the highest common divisor of 44 and i.
11
Let j be (2/(-9))/((-192)/(-1440)) - 582/(-9). What is the highest common divisor of 84 and j?
21
Let k be (3/(-1))/(1 - 623/630). Let j = -225 - k. Calculate the highest common factor of 495 and j.
45
Let a(j) = 2*j**3 + j**2 - 2*j + 2. Let y be a(4). Suppose 8*p - 166 = y. What is the greatest common factor of p and 38?
38
Suppose -2*a + 11 = 2*s - 3*a, a = -3*s + 29. Let z = -72755 + 72955. What is the greatest common factor of z and s?
8
Let p be -1*-4*5810/40. What is the highest common factor of p and 1079?
83
Suppose -t - 1 = i - 7, -5*i + 3 = -4*t. Suppose t*d - 2*k - 106 = 0, 5*d - 2*d - 109 = -k. What is the highest common divisor of 16 and d?
4
Let a = -1311 - -1317. Suppose 13*t = 18*t - 240. What is the greatest common factor of a and t?
6
Suppose 3*n = -4*p + 3070, -4*n + 30*p + 4094 = 35*p. Calculate the greatest common divisor of n and 189.
27
Let h(d) = d**2 - 72*d + 37. Let z be h(72). Let l(c) = 8*c**2 + 5*c + 3. Let y be l(6). Let j be 6*(2 + y/6). What is the highest common factor of j and z?
37
Suppose 50 = -5*q - 5*s, 3*s = 4*q + s + 46. Suppose 0 = 4*m + j - 151, -76 = -m + 3*j - 35. Let v = q + m. Calculate the greatest common divisor of 36 and v.
9
Let n be (472/(-177))/((-5)/(-20)*(-2)/12). Calculate the greatest common factor of n and 7.
1
Let y be -9 - (2/(4/(-2)) + -3). Let s(b) = -25*b - 15. Let d be s(y). What is the greatest common divisor of 66 and d?
22
Suppose 4*c - 8 = 4*g, -3*c + 12 = 3*g - 0. Let d = -1186 - -1198. What is the highest common factor of c and d?
3
Let t be (-1228)/(-14) + 2/7. Suppose 22*v + a + 479 = 23*v, -v = 5*a - 509. What is the greatest common factor of v and t?
44
Let h be 112*-2*(-8 - -2). Let x = 10041 + -10020. Calculate the highest common divisor of h and x.
21
Let h(g) = -11*g + 77. Let j(w) = w**2 + 4*w - 56. Let o be j(6). Let r be h(o). What is the greatest common divisor of 88 and r?
11
Let y = 49 - 7. Let q = -25 + y. Calculate the greatest common factor of q and 204.
1